{"id":6954,"date":"2024-09-11T12:35:53","date_gmt":"2024-09-11T10:35:53","guid":{"rendered":"https:\/\/klubskolwin.pl\/?page_id=6954"},"modified":"2025-09-17T10:41:52","modified_gmt":"2025-09-17T08:41:52","slug":"festiwal-skolwinskie-przeboje-2025","status":"publish","type":"page","link":"https:\/\/klubskolwin.pl\/index.php\/konkursy\/festiwal-skolwinskie-przeboje-2025\/","title":{"rendered":"XXI Wojew\u00f3dzki Przegl\u0105d Piosenki Polskiej \u201eSkolwi\u0144skie Przeboje\u201d 2025"},"content":{"rendered":"\n<figure class=\"wp-block-image size-large\"><img data-recalc-dims=\"1\" fetchpriority=\"high\" decoding=\"async\" width=\"1024\" height=\"536\" src=\"https:\/\/i0.wp.com\/klubskolwin.pl\/wp-content\/uploads\/2025\/09\/Skolwinskie-Przeboje-2025_FB-wydarzenie_01.jpg?resize=1024%2C536&#038;ssl=1\" alt=\"\" class=\"wp-image-7325\" srcset=\"https:\/\/i0.wp.com\/klubskolwin.pl\/wp-content\/uploads\/2025\/09\/Skolwinskie-Przeboje-2025_FB-wydarzenie_01.jpg?resize=1024%2C536&amp;ssl=1 1024w, https:\/\/i0.wp.com\/klubskolwin.pl\/wp-content\/uploads\/2025\/09\/Skolwinskie-Przeboje-2025_FB-wydarzenie_01.jpg?resize=300%2C157&amp;ssl=1 300w, https:\/\/i0.wp.com\/klubskolwin.pl\/wp-content\/uploads\/2025\/09\/Skolwinskie-Przeboje-2025_FB-wydarzenie_01.jpg?resize=768%2C402&amp;ssl=1 768w, https:\/\/i0.wp.com\/klubskolwin.pl\/wp-content\/uploads\/2025\/09\/Skolwinskie-Przeboje-2025_FB-wydarzenie_01.jpg?w=1200&amp;ssl=1 1200w\" sizes=\"(max-width: 1024px) 100vw, 1024px\" \/><\/figure>\n\n\n\n<p>Drogie M\u0142ode Wokalistki, Drodzy M\u0142odzi Wokali\u015bci,<\/p>\n\n\n\n<p>w imieniu Dyrektora Domu Kultury \u201eKlub Skolwin\u201d w Szczecinie i w imieniu patronuj\u0105cego wydarzeniu Marsza\u0142ka Wojew\u00f3dztwa Zachodniopomorskiego \u2013 Pana Olgierda Geblewicza mamy przyjemno\u015b\u0107 po raz dwudziesty pierwszy zaprosi\u0107 Was do udzia\u0142u w Wojew\u00f3dzkim Przegl\u0105dzie Piosenki Polskiej Skolwi\u0144skie Przeboje\u201d.<\/p>\n\n\n\n<p>Czy jeste\u015bcie na pocz\u0105tku swojej \u015bcie\u017cki muzycznej, czy macie ju\u017c za sob\u0105 pierwsze dowody uznania i ma\u0142e sukcesy; czy \u015bpiewacie, marz\u0105c o przysz\u0142ej karierze artystycznej, czy \u015bpiewacie, bo po prostu lubicie, czy jeste\u015bcie mieszka\u0144cami ma\u0142ej wioski, czy wi\u0119kszego lub mniejszego miasta \u2013 zach\u0119camy Was do nadsy\u0142ania zg\u0142osze\u0144, pr\u00f3bek swoich mo\u017cliwo\u015bci wokalnych, zaprezentowania Waszych wizji i interpretacji piosenek z przepastnego zasobu polskiej fonografii. Powo\u0142ane przez nas profesjonalne jury oceni nades\u0142ane nagrania, a wszystkich wy\u0142onionych w ten spos\u00f3b finalist\u00f3w zaprosimy do nas na przes\u0142uchania fina\u0142owe przed wspomnianym jury i przed Waszymi kole\u017cankami i kolegami z innych o\u015brodk\u00f3w wojew\u00f3dztwa. Zapewniamy Wam \u015bwietn\u0105 zabaw\u0119 urozmaicon\u0105 lekkim dreszczykiem emocji, nagrody pieni\u0119\u017cne dla wyr\u00f3\u017cnionych i nagrodzonych, mo\u017cliwo\u015b\u0107 kr\u00f3tkiej konsultacji Waszych wyst\u0119p\u00f3w z jurorami oraz satysfakcj\u0119 i niezapomniane wra\u017cenia.<\/p>\n\n\n\n<p>Aby wzi\u0105\u0107 udzia\u0142 w XXI Wojew\u00f3dzkim Przegl\u0105dzie Piosenki Polskiej \u201eSkolwi\u0144skie Przeboje\u201d wystarczy zapozna\u0107 si\u0119 z Regulaminem, wype\u0142ni\u0107 i przes\u0142a\u0107 do nas formularz i dostarczy\u0107 poczt\u0105 elektroniczn\u0105 nagrania z Waszymi interpretacjami wybranych piosenek.<\/p>\n\n\n\n<p>Zapraszamy<\/p>\n\n\n\n<figure class=\"wp-block-image size-large is-resized\"><img data-recalc-dims=\"1\" decoding=\"async\" width=\"1024\" height=\"353\" src=\"https:\/\/i0.wp.com\/klubskolwin.pl\/wp-content\/uploads\/2023\/05\/og_poziom-1024x353.webp?resize=1024%2C353&#038;ssl=1\" alt=\"XV Szczeci\u0144ski Konkurs Fotograficzny Szczecin \u2013 kadry drugie pod patronatem honorowym Marsza\u0142ka Wojew\u00f3dztwa Zachodniopomorskiego Olgierda Geblewicza\" class=\"wp-image-6591\" style=\"aspect-ratio:2.9008498583569406;width:296px;height:auto\" srcset=\"https:\/\/i0.wp.com\/klubskolwin.pl\/wp-content\/uploads\/2023\/05\/og_poziom-scaled.webp?resize=1024%2C353&amp;ssl=1 1024w, https:\/\/i0.wp.com\/klubskolwin.pl\/wp-content\/uploads\/2023\/05\/og_poziom-scaled.webp?resize=300%2C103&amp;ssl=1 300w, https:\/\/i0.wp.com\/klubskolwin.pl\/wp-content\/uploads\/2023\/05\/og_poziom-scaled.webp?resize=768%2C265&amp;ssl=1 768w, https:\/\/i0.wp.com\/klubskolwin.pl\/wp-content\/uploads\/2023\/05\/og_poziom-scaled.webp?resize=1536%2C530&amp;ssl=1 1536w, https:\/\/i0.wp.com\/klubskolwin.pl\/wp-content\/uploads\/2023\/05\/og_poziom-scaled.webp?w=1920&amp;ssl=1 1920w, https:\/\/i0.wp.com\/klubskolwin.pl\/wp-content\/uploads\/2023\/05\/og_poziom-scaled.webp?resize=1320%2C455&amp;ssl=1 1320w\" sizes=\"(max-width: 1024px) 100vw, 1024px\" \/><\/figure>\n\n\n\n<figure class=\"wp-block-image size-large is-resized\"><img data-recalc-dims=\"1\" decoding=\"async\" width=\"1024\" height=\"796\" src=\"https:\/\/i0.wp.com\/klubskolwin.pl\/wp-content\/uploads\/2023\/10\/00_Logo_wersja_podstawowaRGB-1024x796.webp?resize=1024%2C796&#038;ssl=1\" alt=\"\" class=\"wp-image-6737\" style=\"aspect-ratio:1.2864321608040201;width:133px;height:auto\" srcset=\"https:\/\/i0.wp.com\/klubskolwin.pl\/wp-content\/uploads\/2023\/10\/00_Logo_wersja_podstawowaRGB-scaled.webp?resize=1024%2C796&amp;ssl=1 1024w, https:\/\/i0.wp.com\/klubskolwin.pl\/wp-content\/uploads\/2023\/10\/00_Logo_wersja_podstawowaRGB-scaled.webp?resize=300%2C233&amp;ssl=1 300w, https:\/\/i0.wp.com\/klubskolwin.pl\/wp-content\/uploads\/2023\/10\/00_Logo_wersja_podstawowaRGB-scaled.webp?resize=768%2C597&amp;ssl=1 768w, https:\/\/i0.wp.com\/klubskolwin.pl\/wp-content\/uploads\/2023\/10\/00_Logo_wersja_podstawowaRGB-scaled.webp?resize=1536%2C1195&amp;ssl=1 1536w, https:\/\/i0.wp.com\/klubskolwin.pl\/wp-content\/uploads\/2023\/10\/00_Logo_wersja_podstawowaRGB-scaled.webp?w=1920&amp;ssl=1 1920w\" sizes=\"(max-width: 1024px) 100vw, 1024px\" \/><\/figure>\n\n\n\n<p><em>Przedsi\u0119wzi\u0119cie zrealizowano dzi\u0119ki wsparciu Wojew\u00f3dztwa Zachodniopomorskiego<\/em><\/p>\n\n\n\n<hr class=\"wp-block-separator has-alpha-channel-opacity\"\/>\n\n\n\n<p><a href=\"https:\/\/klubskolwin.pl\/wp-content\/uploads\/2025\/09\/Regulamin-XXI-Skolwinskie-Przeboje-2025.pdf\">Regulamin konkursu<\/a><\/p>\n\n\n\n<hr class=\"wp-block-separator has-alpha-channel-opacity\"\/>\n\n\n\n<iframe src=\"https:\/\/docs.google.com\/forms\/d\/e\/1FAIpQLSdJ6-R_FUgOv1JaHS3g2ysA-MsLUuA0GZM1NK519VpxhAtv9Q\/viewform?embedded=true\" width=\"640\" height=\"1000\" frameborder=\"0\" marginheight=\"0\" marginwidth=\"0\">\u0141aduj\u0119\u2026<\/iframe>\n\n\n\n<p><\/p>\n","protected":false},"excerpt":{"rendered":"<p>Drogie M\u0142ode Wokalistki, Drodzy M\u0142odzi Wokali\u015bci, w imieniu Dyrektora Domu Kultury \u201eKlub Skolwin\u201d w Szczecinie i w imieniu patronuj\u0105cego wydarzeniu Marsza\u0142ka Wojew\u00f3dztwa Zachodniopomorskiego \u2013 Pana Olgierda Geblewicza mamy przyjemno\u015b\u0107 po raz dwudziesty pierwszy zaprosi\u0107 Was&hellip;<\/p>\n","protected":false},"author":5,"featured_media":0,"parent":1017,"menu_order":1,"comment_status":"closed","ping_status":"closed","template":"","meta":{"footnotes":""},"class_list":["post-6954","page","type-page","status-publish","hentry"],"featured_image_src":null,"yoast_head":"<!-- This site is optimized with the Yoast SEO plugin v27.4 - https:\/\/yoast.com\/product\/yoast-seo-wordpress\/ -->\n<title>XXI Wojew\u00f3dzki Przegl\u0105d Piosenki Polskiej \u201eSkolwi\u0144skie Przeboje\u201d 2025 - Dom Kultury &quot;Klub Skolwin&quot;<\/title>\n<meta name=\"robots\" content=\"index, follow, max-snippet:-1, max-image-preview:large, max-video-preview:-1\" \/>\n<link rel=\"canonical\" href=\"https:\/\/klubskolwin.pl\/index.php\/konkursy\/festiwal-skolwinskie-przeboje-2025\/\" \/>\n<meta property=\"og:locale\" content=\"pl_PL\" \/>\n<meta property=\"og:type\" content=\"article\" \/>\n<meta property=\"og:title\" content=\"XXI Wojew\u00f3dzki Przegl\u0105d Piosenki Polskiej \u201eSkolwi\u0144skie Przeboje\u201d 2025 - Dom Kultury &quot;Klub Skolwin&quot;\" \/>\n<meta property=\"og:description\" content=\"Drogie M\u0142ode Wokalistki, Drodzy M\u0142odzi Wokali\u015bci, w imieniu Dyrektora Domu Kultury \u201eKlub Skolwin\u201d w Szczecinie i w imieniu patronuj\u0105cego wydarzeniu Marsza\u0142ka Wojew\u00f3dztwa Zachodniopomorskiego \u2013 Pana Olgierda Geblewicza mamy przyjemno\u015b\u0107 po raz dwudziesty pierwszy zaprosi\u0107 Was&hellip;\" \/>\n<meta property=\"og:url\" content=\"https:\/\/klubskolwin.pl\/index.php\/konkursy\/festiwal-skolwinskie-przeboje-2025\/\" \/>\n<meta property=\"og:site_name\" content=\"Dom Kultury &quot;Klub Skolwin&quot;\" \/>\n<meta property=\"article:publisher\" content=\"https:\/\/www.facebook.com\/profile.php?id=100064718074903\" \/>\n<meta property=\"article:modified_time\" content=\"2025-09-17T08:41:52+00:00\" \/>\n<meta property=\"og:image\" content=\"https:\/\/klubskolwin.pl\/wp-content\/uploads\/2025\/09\/Skolwinskie-Przeboje-2025_FB-wydarzenie_01-1024x536.jpg\" \/>\n<meta name=\"twitter:card\" content=\"summary_large_image\" \/>\n<meta name=\"twitter:label1\" content=\"Szacowany czas czytania\" \/>\n\t<meta name=\"twitter:data1\" content=\"1 minuta\" \/>\n<script type=\"application\/ld+json\" class=\"yoast-schema-graph\">{\"@context\":\"https:\\\/\\\/schema.org\",\"@graph\":[{\"@type\":\"WebPage\",\"@id\":\"https:\\\/\\\/klubskolwin.pl\\\/index.php\\\/konkursy\\\/festiwal-skolwinskie-przeboje-2025\\\/\",\"url\":\"https:\\\/\\\/klubskolwin.pl\\\/index.php\\\/konkursy\\\/festiwal-skolwinskie-przeboje-2025\\\/\",\"name\":\"XXI Wojew\u00f3dzki Przegl\u0105d Piosenki Polskiej \u201eSkolwi\u0144skie Przeboje\u201d 2025 - Dom Kultury &quot;Klub Skolwin&quot;\",\"isPartOf\":{\"@id\":\"https:\\\/\\\/klubskolwin.pl\\\/#website\"},\"primaryImageOfPage\":{\"@id\":\"https:\\\/\\\/klubskolwin.pl\\\/index.php\\\/konkursy\\\/festiwal-skolwinskie-przeboje-2025\\\/#primaryimage\"},\"image\":{\"@id\":\"https:\\\/\\\/klubskolwin.pl\\\/index.php\\\/konkursy\\\/festiwal-skolwinskie-przeboje-2025\\\/#primaryimage\"},\"thumbnailUrl\":\"https:\\\/\\\/klubskolwin.pl\\\/wp-content\\\/uploads\\\/2025\\\/09\\\/Skolwinskie-Przeboje-2025_FB-wydarzenie_01-1024x536.jpg\",\"datePublished\":\"2024-09-11T10:35:53+00:00\",\"dateModified\":\"2025-09-17T08:41:52+00:00\",\"breadcrumb\":{\"@id\":\"https:\\\/\\\/klubskolwin.pl\\\/index.php\\\/konkursy\\\/festiwal-skolwinskie-przeboje-2025\\\/#breadcrumb\"},\"inLanguage\":\"pl-PL\",\"potentialAction\":[{\"@type\":\"ReadAction\",\"target\":[\"https:\\\/\\\/klubskolwin.pl\\\/index.php\\\/konkursy\\\/festiwal-skolwinskie-przeboje-2025\\\/\"]}]},{\"@type\":\"ImageObject\",\"inLanguage\":\"pl-PL\",\"@id\":\"https:\\\/\\\/klubskolwin.pl\\\/index.php\\\/konkursy\\\/festiwal-skolwinskie-przeboje-2025\\\/#primaryimage\",\"url\":\"https:\\\/\\\/i0.wp.com\\\/klubskolwin.pl\\\/wp-content\\\/uploads\\\/2025\\\/09\\\/Skolwinskie-Przeboje-2025_FB-wydarzenie_01.jpg?fit=1200%2C628&ssl=1\",\"contentUrl\":\"https:\\\/\\\/i0.wp.com\\\/klubskolwin.pl\\\/wp-content\\\/uploads\\\/2025\\\/09\\\/Skolwinskie-Przeboje-2025_FB-wydarzenie_01.jpg?fit=1200%2C628&ssl=1\",\"width\":1200,\"height\":628},{\"@type\":\"BreadcrumbList\",\"@id\":\"https:\\\/\\\/klubskolwin.pl\\\/index.php\\\/konkursy\\\/festiwal-skolwinskie-przeboje-2025\\\/#breadcrumb\",\"itemListElement\":[{\"@type\":\"ListItem\",\"position\":1,\"name\":\"Strona g\u0142\u00f3wna\",\"item\":\"https:\\\/\\\/klubskolwin.pl\\\/\"},{\"@type\":\"ListItem\",\"position\":2,\"name\":\"Konkursy\",\"item\":\"https:\\\/\\\/klubskolwin.pl\\\/index.php\\\/konkursy\\\/\"},{\"@type\":\"ListItem\",\"position\":3,\"name\":\"XXI Wojew\u00f3dzki Przegl\u0105d Piosenki Polskiej \u201eSkolwi\u0144skie Przeboje\u201d 2025\"}]},{\"@type\":\"WebSite\",\"@id\":\"https:\\\/\\\/klubskolwin.pl\\\/#website\",\"url\":\"https:\\\/\\\/klubskolwin.pl\\\/\",\"name\":\"Dom Kultury \\\"Klub Skolwin\\\"\",\"description\":\"Instytucja Kultury Miasta Szczecin\",\"publisher\":{\"@id\":\"https:\\\/\\\/klubskolwin.pl\\\/#organization\"},\"potentialAction\":[{\"@type\":\"SearchAction\",\"target\":{\"@type\":\"EntryPoint\",\"urlTemplate\":\"https:\\\/\\\/klubskolwin.pl\\\/?s={search_term_string}\"},\"query-input\":{\"@type\":\"PropertyValueSpecification\",\"valueRequired\":true,\"valueName\":\"search_term_string\"}}],\"inLanguage\":\"pl-PL\"},{\"@type\":\"Organization\",\"@id\":\"https:\\\/\\\/klubskolwin.pl\\\/#organization\",\"name\":\"Dom Kultury \\\"Klub Skolwin\\\"\",\"url\":\"https:\\\/\\\/klubskolwin.pl\\\/\",\"logo\":{\"@type\":\"ImageObject\",\"inLanguage\":\"pl-PL\",\"@id\":\"https:\\\/\\\/klubskolwin.pl\\\/#\\\/schema\\\/logo\\\/image\\\/\",\"url\":\"https:\\\/\\\/i0.wp.com\\\/klubskolwin.pl\\\/wp-content\\\/uploads\\\/2022\\\/04\\\/cropped-cropped-Logo-DKKS-e1652704090902.png?fit=80%2C80&ssl=1\",\"contentUrl\":\"https:\\\/\\\/i0.wp.com\\\/klubskolwin.pl\\\/wp-content\\\/uploads\\\/2022\\\/04\\\/cropped-cropped-Logo-DKKS-e1652704090902.png?fit=80%2C80&ssl=1\",\"width\":80,\"height\":80,\"caption\":\"Dom Kultury \\\"Klub Skolwin\\\"\"},\"image\":{\"@id\":\"https:\\\/\\\/klubskolwin.pl\\\/#\\\/schema\\\/logo\\\/image\\\/\"},\"sameAs\":[\"https:\\\/\\\/www.facebook.com\\\/profile.php?id=100064718074903\",\"https:\\\/\\\/www.youtube.com\\\/@domkulturyklubskolwin4491\"]}]}<\/script>\n<!-- \/ Yoast SEO plugin. -->","yoast_head_json":{"title":"XXI Wojew\u00f3dzki Przegl\u0105d Piosenki Polskiej \u201eSkolwi\u0144skie Przeboje\u201d 2025 - Dom Kultury &quot;Klub Skolwin&quot;","robots":{"index":"index","follow":"follow","max-snippet":"max-snippet:-1","max-image-preview":"max-image-preview:large","max-video-preview":"max-video-preview:-1"},"canonical":"https:\/\/klubskolwin.pl\/index.php\/konkursy\/festiwal-skolwinskie-przeboje-2025\/","og_locale":"pl_PL","og_type":"article","og_title":"XXI Wojew\u00f3dzki Przegl\u0105d Piosenki Polskiej \u201eSkolwi\u0144skie Przeboje\u201d 2025 - Dom Kultury &quot;Klub Skolwin&quot;","og_description":"Drogie M\u0142ode Wokalistki, Drodzy M\u0142odzi Wokali\u015bci, w imieniu Dyrektora Domu Kultury \u201eKlub Skolwin\u201d w Szczecinie i w imieniu patronuj\u0105cego wydarzeniu Marsza\u0142ka Wojew\u00f3dztwa Zachodniopomorskiego \u2013 Pana Olgierda Geblewicza mamy przyjemno\u015b\u0107 po raz dwudziesty pierwszy zaprosi\u0107 Was&hellip;","og_url":"https:\/\/klubskolwin.pl\/index.php\/konkursy\/festiwal-skolwinskie-przeboje-2025\/","og_site_name":"Dom Kultury &quot;Klub Skolwin&quot;","article_publisher":"https:\/\/www.facebook.com\/profile.php?id=100064718074903","article_modified_time":"2025-09-17T08:41:52+00:00","og_image":[{"url":"https:\/\/klubskolwin.pl\/wp-content\/uploads\/2025\/09\/Skolwinskie-Przeboje-2025_FB-wydarzenie_01-1024x536.jpg","type":"","width":"","height":""}],"twitter_card":"summary_large_image","twitter_misc":{"Szacowany czas czytania":"1 minuta"},"schema":{"@context":"https:\/\/schema.org","@graph":[{"@type":"WebPage","@id":"https:\/\/klubskolwin.pl\/index.php\/konkursy\/festiwal-skolwinskie-przeboje-2025\/","url":"https:\/\/klubskolwin.pl\/index.php\/konkursy\/festiwal-skolwinskie-przeboje-2025\/","name":"XXI Wojew\u00f3dzki Przegl\u0105d Piosenki Polskiej \u201eSkolwi\u0144skie Przeboje\u201d 2025 - Dom Kultury &quot;Klub Skolwin&quot;","isPartOf":{"@id":"https:\/\/klubskolwin.pl\/#website"},"primaryImageOfPage":{"@id":"https:\/\/klubskolwin.pl\/index.php\/konkursy\/festiwal-skolwinskie-przeboje-2025\/#primaryimage"},"image":{"@id":"https:\/\/klubskolwin.pl\/index.php\/konkursy\/festiwal-skolwinskie-przeboje-2025\/#primaryimage"},"thumbnailUrl":"https:\/\/klubskolwin.pl\/wp-content\/uploads\/2025\/09\/Skolwinskie-Przeboje-2025_FB-wydarzenie_01-1024x536.jpg","datePublished":"2024-09-11T10:35:53+00:00","dateModified":"2025-09-17T08:41:52+00:00","breadcrumb":{"@id":"https:\/\/klubskolwin.pl\/index.php\/konkursy\/festiwal-skolwinskie-przeboje-2025\/#breadcrumb"},"inLanguage":"pl-PL","potentialAction":[{"@type":"ReadAction","target":["https:\/\/klubskolwin.pl\/index.php\/konkursy\/festiwal-skolwinskie-przeboje-2025\/"]}]},{"@type":"ImageObject","inLanguage":"pl-PL","@id":"https:\/\/klubskolwin.pl\/index.php\/konkursy\/festiwal-skolwinskie-przeboje-2025\/#primaryimage","url":"https:\/\/i0.wp.com\/klubskolwin.pl\/wp-content\/uploads\/2025\/09\/Skolwinskie-Przeboje-2025_FB-wydarzenie_01.jpg?fit=1200%2C628&ssl=1","contentUrl":"https:\/\/i0.wp.com\/klubskolwin.pl\/wp-content\/uploads\/2025\/09\/Skolwinskie-Przeboje-2025_FB-wydarzenie_01.jpg?fit=1200%2C628&ssl=1","width":1200,"height":628},{"@type":"BreadcrumbList","@id":"https:\/\/klubskolwin.pl\/index.php\/konkursy\/festiwal-skolwinskie-przeboje-2025\/#breadcrumb","itemListElement":[{"@type":"ListItem","position":1,"name":"Strona g\u0142\u00f3wna","item":"https:\/\/klubskolwin.pl\/"},{"@type":"ListItem","position":2,"name":"Konkursy","item":"https:\/\/klubskolwin.pl\/index.php\/konkursy\/"},{"@type":"ListItem","position":3,"name":"XXI Wojew\u00f3dzki Przegl\u0105d Piosenki Polskiej \u201eSkolwi\u0144skie Przeboje\u201d 2025"}]},{"@type":"WebSite","@id":"https:\/\/klubskolwin.pl\/#website","url":"https:\/\/klubskolwin.pl\/","name":"Dom Kultury \"Klub Skolwin\"","description":"Instytucja Kultury Miasta Szczecin","publisher":{"@id":"https:\/\/klubskolwin.pl\/#organization"},"potentialAction":[{"@type":"SearchAction","target":{"@type":"EntryPoint","urlTemplate":"https:\/\/klubskolwin.pl\/?s={search_term_string}"},"query-input":{"@type":"PropertyValueSpecification","valueRequired":true,"valueName":"search_term_string"}}],"inLanguage":"pl-PL"},{"@type":"Organization","@id":"https:\/\/klubskolwin.pl\/#organization","name":"Dom Kultury \"Klub Skolwin\"","url":"https:\/\/klubskolwin.pl\/","logo":{"@type":"ImageObject","inLanguage":"pl-PL","@id":"https:\/\/klubskolwin.pl\/#\/schema\/logo\/image\/","url":"https:\/\/i0.wp.com\/klubskolwin.pl\/wp-content\/uploads\/2022\/04\/cropped-cropped-Logo-DKKS-e1652704090902.png?fit=80%2C80&ssl=1","contentUrl":"https:\/\/i0.wp.com\/klubskolwin.pl\/wp-content\/uploads\/2022\/04\/cropped-cropped-Logo-DKKS-e1652704090902.png?fit=80%2C80&ssl=1","width":80,"height":80,"caption":"Dom Kultury \"Klub Skolwin\""},"image":{"@id":"https:\/\/klubskolwin.pl\/#\/schema\/logo\/image\/"},"sameAs":["https:\/\/www.facebook.com\/profile.php?id=100064718074903","https:\/\/www.youtube.com\/@domkulturyklubskolwin4491"]}]}},"jetpack_sharing_enabled":true,"_links":{"self":[{"href":"https:\/\/klubskolwin.pl\/index.php\/wp-json\/wp\/v2\/pages\/6954","targetHints":{"allow":["GET"]}}],"collection":[{"href":"https:\/\/klubskolwin.pl\/index.php\/wp-json\/wp\/v2\/pages"}],"about":[{"href":"https:\/\/klubskolwin.pl\/index.php\/wp-json\/wp\/v2\/types\/page"}],"author":[{"embeddable":true,"href":"https:\/\/klubskolwin.pl\/index.php\/wp-json\/wp\/v2\/users\/5"}],"replies":[{"embeddable":true,"href":"https:\/\/klubskolwin.pl\/index.php\/wp-json\/wp\/v2\/comments?post=6954"}],"version-history":[{"count":20,"href":"https:\/\/klubskolwin.pl\/index.php\/wp-json\/wp\/v2\/pages\/6954\/revisions"}],"predecessor-version":[{"id":7333,"href":"https:\/\/klubskolwin.pl\/index.php\/wp-json\/wp\/v2\/pages\/6954\/revisions\/7333"}],"up":[{"embeddable":true,"href":"https:\/\/klubskolwin.pl\/index.php\/wp-json\/wp\/v2\/pages\/1017"}],"wp:attachment":[{"href":"https:\/\/klubskolwin.pl\/index.php\/wp-json\/wp\/v2\/media?parent=6954"}],"curies":[{"name":"wp","href":"https:\/\/api.w.org\/{rel}","templated":true}]}}