{"id":5326,"date":"2021-03-31T12:28:00","date_gmt":"2021-03-31T10:28:00","guid":{"rendered":"http:\/\/www.klubskolwin.pl\/?page_id=5326"},"modified":"2025-08-27T11:45:57","modified_gmt":"2025-08-27T09:45:57","slug":"raport-o-stanie-zapewnienia-dostepnosci","status":"publish","type":"page","link":"https:\/\/klubskolwin.pl\/index.php\/o-nas\/raport-o-stanie-zapewnienia-dostepnosci\/","title":{"rendered":"Raport o stanie zapewnienia dost\u0119pno\u015bci"},"content":{"rendered":"<h2 id=\"a11y-deklaracja\" style=\"text-align: justify;\">Raport o stanie zapewnienia dost\u0119pno\u015bci podmiotu publicznego<\/h2>\n\n\n<div data-wp-interactive=\"core\/file\" class=\"wp-block-file\"><object data-wp-bind--hidden=\"!state.hasPdfPreview\" hidden class=\"wp-block-file__embed\" data=\"https:\/\/klubskolwin.pl\/wp-content\/uploads\/2025\/03\/RZD-2024.pdf\" type=\"application\/pdf\" style=\"width:100%;height:600px\" aria-label=\"Osadzone z RZD 2024.\"><\/object><a id=\"wp-block-file--media-617aa6d8-a17d-4f05-b4ac-b55d562fdcbf\" href=\"https:\/\/klubskolwin.pl\/wp-content\/uploads\/2025\/03\/RZD-2024.pdf\">RZD 2024<\/a><a href=\"https:\/\/klubskolwin.pl\/wp-content\/uploads\/2025\/03\/RZD-2024.pdf\" class=\"wp-block-file__button wp-element-button\" download aria-describedby=\"wp-block-file--media-617aa6d8-a17d-4f05-b4ac-b55d562fdcbf\">Pobierz<\/a><\/div>\n","protected":false},"excerpt":{"rendered":"<p>Raport o stanie zapewnienia dost\u0119pno\u015bci podmiotu publicznego<\/p>\n","protected":false},"author":5,"featured_media":0,"parent":58,"menu_order":5,"comment_status":"closed","ping_status":"closed","template":"","meta":{"footnotes":""},"class_list":["post-5326","page","type-page","status-publish","hentry"],"featured_image_src":null,"yoast_head":"<!-- This site is optimized with the Yoast SEO plugin v27.4 - https:\/\/yoast.com\/product\/yoast-seo-wordpress\/ -->\n<title>Raport o stanie zapewnienia dost\u0119pno\u015bci - Dom Kultury &quot;Klub Skolwin&quot;<\/title>\n<meta name=\"robots\" content=\"index, follow, max-snippet:-1, max-image-preview:large, max-video-preview:-1\" \/>\n<link rel=\"canonical\" href=\"https:\/\/klubskolwin.pl\/index.php\/o-nas\/raport-o-stanie-zapewnienia-dostepnosci\/\" \/>\n<meta property=\"og:locale\" content=\"pl_PL\" \/>\n<meta property=\"og:type\" content=\"article\" \/>\n<meta property=\"og:title\" content=\"Raport o stanie zapewnienia dost\u0119pno\u015bci - Dom Kultury &quot;Klub Skolwin&quot;\" \/>\n<meta property=\"og:description\" content=\"Raport o stanie zapewnienia dost\u0119pno\u015bci podmiotu publicznego\" \/>\n<meta property=\"og:url\" content=\"https:\/\/klubskolwin.pl\/index.php\/o-nas\/raport-o-stanie-zapewnienia-dostepnosci\/\" \/>\n<meta property=\"og:site_name\" content=\"Dom Kultury &quot;Klub Skolwin&quot;\" \/>\n<meta property=\"article:publisher\" content=\"https:\/\/www.facebook.com\/profile.php?id=100064718074903\" \/>\n<meta property=\"article:modified_time\" content=\"2025-08-27T09:45:57+00:00\" \/>\n<meta name=\"twitter:card\" content=\"summary_large_image\" \/>\n<meta name=\"twitter:label1\" content=\"Szacowany czas czytania\" \/>\n\t<meta name=\"twitter:data1\" content=\"4 minuty\" \/>\n<script type=\"application\/ld+json\" class=\"yoast-schema-graph\">{\"@context\":\"https:\\\/\\\/schema.org\",\"@graph\":[{\"@type\":\"WebPage\",\"@id\":\"https:\\\/\\\/klubskolwin.pl\\\/index.php\\\/o-nas\\\/raport-o-stanie-zapewnienia-dostepnosci\\\/\",\"url\":\"https:\\\/\\\/klubskolwin.pl\\\/index.php\\\/o-nas\\\/raport-o-stanie-zapewnienia-dostepnosci\\\/\",\"name\":\"Raport o stanie zapewnienia dost\u0119pno\u015bci - Dom Kultury &quot;Klub Skolwin&quot;\",\"isPartOf\":{\"@id\":\"https:\\\/\\\/klubskolwin.pl\\\/#website\"},\"datePublished\":\"2021-03-31T10:28:00+00:00\",\"dateModified\":\"2025-08-27T09:45:57+00:00\",\"breadcrumb\":{\"@id\":\"https:\\\/\\\/klubskolwin.pl\\\/index.php\\\/o-nas\\\/raport-o-stanie-zapewnienia-dostepnosci\\\/#breadcrumb\"},\"inLanguage\":\"pl-PL\",\"potentialAction\":[{\"@type\":\"ReadAction\",\"target\":[\"https:\\\/\\\/klubskolwin.pl\\\/index.php\\\/o-nas\\\/raport-o-stanie-zapewnienia-dostepnosci\\\/\"]}]},{\"@type\":\"BreadcrumbList\",\"@id\":\"https:\\\/\\\/klubskolwin.pl\\\/index.php\\\/o-nas\\\/raport-o-stanie-zapewnienia-dostepnosci\\\/#breadcrumb\",\"itemListElement\":[{\"@type\":\"ListItem\",\"position\":1,\"name\":\"Strona g\u0142\u00f3wna\",\"item\":\"https:\\\/\\\/klubskolwin.pl\\\/\"},{\"@type\":\"ListItem\",\"position\":2,\"name\":\"O nas\",\"item\":\"https:\\\/\\\/klubskolwin.pl\\\/index.php\\\/o-nas\\\/\"},{\"@type\":\"ListItem\",\"position\":3,\"name\":\"Raport o stanie zapewnienia dost\u0119pno\u015bci\"}]},{\"@type\":\"WebSite\",\"@id\":\"https:\\\/\\\/klubskolwin.pl\\\/#website\",\"url\":\"https:\\\/\\\/klubskolwin.pl\\\/\",\"name\":\"Dom Kultury \\\"Klub Skolwin\\\"\",\"description\":\"Instytucja Kultury Miasta Szczecin\",\"publisher\":{\"@id\":\"https:\\\/\\\/klubskolwin.pl\\\/#organization\"},\"potentialAction\":[{\"@type\":\"SearchAction\",\"target\":{\"@type\":\"EntryPoint\",\"urlTemplate\":\"https:\\\/\\\/klubskolwin.pl\\\/?s={search_term_string}\"},\"query-input\":{\"@type\":\"PropertyValueSpecification\",\"valueRequired\":true,\"valueName\":\"search_term_string\"}}],\"inLanguage\":\"pl-PL\"},{\"@type\":\"Organization\",\"@id\":\"https:\\\/\\\/klubskolwin.pl\\\/#organization\",\"name\":\"Dom Kultury \\\"Klub Skolwin\\\"\",\"url\":\"https:\\\/\\\/klubskolwin.pl\\\/\",\"logo\":{\"@type\":\"ImageObject\",\"inLanguage\":\"pl-PL\",\"@id\":\"https:\\\/\\\/klubskolwin.pl\\\/#\\\/schema\\\/logo\\\/image\\\/\",\"url\":\"https:\\\/\\\/i0.wp.com\\\/klubskolwin.pl\\\/wp-content\\\/uploads\\\/2022\\\/04\\\/cropped-cropped-Logo-DKKS-e1652704090902.png?fit=80%2C80&ssl=1\",\"contentUrl\":\"https:\\\/\\\/i0.wp.com\\\/klubskolwin.pl\\\/wp-content\\\/uploads\\\/2022\\\/04\\\/cropped-cropped-Logo-DKKS-e1652704090902.png?fit=80%2C80&ssl=1\",\"width\":80,\"height\":80,\"caption\":\"Dom Kultury \\\"Klub Skolwin\\\"\"},\"image\":{\"@id\":\"https:\\\/\\\/klubskolwin.pl\\\/#\\\/schema\\\/logo\\\/image\\\/\"},\"sameAs\":[\"https:\\\/\\\/www.facebook.com\\\/profile.php?id=100064718074903\",\"https:\\\/\\\/www.youtube.com\\\/@domkulturyklubskolwin4491\"]}]}<\/script>\n<!-- \/ Yoast SEO plugin. -->","yoast_head_json":{"title":"Raport o stanie zapewnienia dost\u0119pno\u015bci - Dom Kultury &quot;Klub Skolwin&quot;","robots":{"index":"index","follow":"follow","max-snippet":"max-snippet:-1","max-image-preview":"max-image-preview:large","max-video-preview":"max-video-preview:-1"},"canonical":"https:\/\/klubskolwin.pl\/index.php\/o-nas\/raport-o-stanie-zapewnienia-dostepnosci\/","og_locale":"pl_PL","og_type":"article","og_title":"Raport o stanie zapewnienia dost\u0119pno\u015bci - Dom Kultury &quot;Klub Skolwin&quot;","og_description":"Raport o stanie zapewnienia dost\u0119pno\u015bci podmiotu publicznego","og_url":"https:\/\/klubskolwin.pl\/index.php\/o-nas\/raport-o-stanie-zapewnienia-dostepnosci\/","og_site_name":"Dom Kultury &quot;Klub Skolwin&quot;","article_publisher":"https:\/\/www.facebook.com\/profile.php?id=100064718074903","article_modified_time":"2025-08-27T09:45:57+00:00","twitter_card":"summary_large_image","twitter_misc":{"Szacowany czas czytania":"4 minuty"},"schema":{"@context":"https:\/\/schema.org","@graph":[{"@type":"WebPage","@id":"https:\/\/klubskolwin.pl\/index.php\/o-nas\/raport-o-stanie-zapewnienia-dostepnosci\/","url":"https:\/\/klubskolwin.pl\/index.php\/o-nas\/raport-o-stanie-zapewnienia-dostepnosci\/","name":"Raport o stanie zapewnienia dost\u0119pno\u015bci - Dom Kultury &quot;Klub Skolwin&quot;","isPartOf":{"@id":"https:\/\/klubskolwin.pl\/#website"},"datePublished":"2021-03-31T10:28:00+00:00","dateModified":"2025-08-27T09:45:57+00:00","breadcrumb":{"@id":"https:\/\/klubskolwin.pl\/index.php\/o-nas\/raport-o-stanie-zapewnienia-dostepnosci\/#breadcrumb"},"inLanguage":"pl-PL","potentialAction":[{"@type":"ReadAction","target":["https:\/\/klubskolwin.pl\/index.php\/o-nas\/raport-o-stanie-zapewnienia-dostepnosci\/"]}]},{"@type":"BreadcrumbList","@id":"https:\/\/klubskolwin.pl\/index.php\/o-nas\/raport-o-stanie-zapewnienia-dostepnosci\/#breadcrumb","itemListElement":[{"@type":"ListItem","position":1,"name":"Strona g\u0142\u00f3wna","item":"https:\/\/klubskolwin.pl\/"},{"@type":"ListItem","position":2,"name":"O nas","item":"https:\/\/klubskolwin.pl\/index.php\/o-nas\/"},{"@type":"ListItem","position":3,"name":"Raport o stanie zapewnienia dost\u0119pno\u015bci"}]},{"@type":"WebSite","@id":"https:\/\/klubskolwin.pl\/#website","url":"https:\/\/klubskolwin.pl\/","name":"Dom Kultury \"Klub Skolwin\"","description":"Instytucja Kultury Miasta Szczecin","publisher":{"@id":"https:\/\/klubskolwin.pl\/#organization"},"potentialAction":[{"@type":"SearchAction","target":{"@type":"EntryPoint","urlTemplate":"https:\/\/klubskolwin.pl\/?s={search_term_string}"},"query-input":{"@type":"PropertyValueSpecification","valueRequired":true,"valueName":"search_term_string"}}],"inLanguage":"pl-PL"},{"@type":"Organization","@id":"https:\/\/klubskolwin.pl\/#organization","name":"Dom Kultury \"Klub Skolwin\"","url":"https:\/\/klubskolwin.pl\/","logo":{"@type":"ImageObject","inLanguage":"pl-PL","@id":"https:\/\/klubskolwin.pl\/#\/schema\/logo\/image\/","url":"https:\/\/i0.wp.com\/klubskolwin.pl\/wp-content\/uploads\/2022\/04\/cropped-cropped-Logo-DKKS-e1652704090902.png?fit=80%2C80&ssl=1","contentUrl":"https:\/\/i0.wp.com\/klubskolwin.pl\/wp-content\/uploads\/2022\/04\/cropped-cropped-Logo-DKKS-e1652704090902.png?fit=80%2C80&ssl=1","width":80,"height":80,"caption":"Dom Kultury \"Klub Skolwin\""},"image":{"@id":"https:\/\/klubskolwin.pl\/#\/schema\/logo\/image\/"},"sameAs":["https:\/\/www.facebook.com\/profile.php?id=100064718074903","https:\/\/www.youtube.com\/@domkulturyklubskolwin4491"]}]}},"jetpack_sharing_enabled":true,"_links":{"self":[{"href":"https:\/\/klubskolwin.pl\/index.php\/wp-json\/wp\/v2\/pages\/5326","targetHints":{"allow":["GET"]}}],"collection":[{"href":"https:\/\/klubskolwin.pl\/index.php\/wp-json\/wp\/v2\/pages"}],"about":[{"href":"https:\/\/klubskolwin.pl\/index.php\/wp-json\/wp\/v2\/types\/page"}],"author":[{"embeddable":true,"href":"https:\/\/klubskolwin.pl\/index.php\/wp-json\/wp\/v2\/users\/5"}],"replies":[{"embeddable":true,"href":"https:\/\/klubskolwin.pl\/index.php\/wp-json\/wp\/v2\/comments?post=5326"}],"version-history":[{"count":5,"href":"https:\/\/klubskolwin.pl\/index.php\/wp-json\/wp\/v2\/pages\/5326\/revisions"}],"predecessor-version":[{"id":7184,"href":"https:\/\/klubskolwin.pl\/index.php\/wp-json\/wp\/v2\/pages\/5326\/revisions\/7184"}],"up":[{"embeddable":true,"href":"https:\/\/klubskolwin.pl\/index.php\/wp-json\/wp\/v2\/pages\/58"}],"wp:attachment":[{"href":"https:\/\/klubskolwin.pl\/index.php\/wp-json\/wp\/v2\/media?parent=5326"}],"curies":[{"name":"wp","href":"https:\/\/api.w.org\/{rel}","templated":true}]}}